 of 63808450?
2, 5, 1276169
What are the prime factors of 1363358857?
7, 194765551
List the prime factors of 81926372.
2, 11, 1163, 1601
List the prime factors of 1473402901.
881, 1672421
List the prime factors of 90424437.
3, 30141479
List the prime factors of 117914163.
3, 1259, 31219
List the prime factors of 1860525176.
2, 10501, 22147
What are the prime factors of 113009201?
29, 1511, 2579
List the prime factors of 2019469074.
2, 3, 7, 19, 2530663
List the prime factors of 1618910044.
2, 404727511
What are the prime factors of 812456548?
2, 163, 1246099
What are the prime factors of 78359081?
37, 2117813
List the prime factors of 843359048.
2, 7, 193, 78031
What are the prime factors of 104331309?
3, 541, 64283
What are the prime factors of 97844026?
2, 7, 103, 67853
List the prime factors of 815891250.
2, 3, 5, 97, 2243
What are the prime factors of 11471432?
2, 7, 79, 2593
List the prime factors of 777126402.
2, 3, 13, 3321053
List the prime factors of 288661568.
2, 13, 37, 9377
What are the prime factors of 1532118024?
2, 3, 29, 277, 883
List the prime factors of 115664009.
811, 142619
What are the prime factors of 79786001?
79786001
What are the prime factors of 2664078118?
2, 13, 89, 1151287
What are the prime factors of 892183535?
5, 293, 608999
What are the prime factors of 810678847?
11, 17, 29, 149489
What are the prime factors of 29543336?
2, 271, 13627
What are the prime factors of 295556129?
11, 2617, 10267
What are the prime factors of 331280664?
2, 3, 11, 13, 96527
What are the prime factors of 857889836?
2, 17, 12616027
List the prime factors of 431052841.
241, 1788601
List the prime factors of 52315811.
67, 780833
What are the prime factors of 59674218?
2, 3, 463, 21481
List the prime factors of 262284646.
2, 13, 509, 19819
What are the prime factors of 38259383?
61, 367, 1709
What are the prime factors of 633752122?
2, 316876061
What are the prime factors of 891826346?
2, 445913173
List the prime factors of 1269639662.
2, 17, 29, 229, 5623
List the prime factors of 179991561.
3, 311, 192917
List the prime factors of 73420896.
2, 3, 31, 24671
What are the prime factors of 130659898?
2, 449, 145501
What are the prime factors of 67879613?
67879613
What are the prime factors of 3036682624?
2, 31, 765293
List the prime factors of 62038638.
2, 3, 1511, 2281
List the prime factors of 111978633.
3, 13, 971, 2957
What are the prime factors of 88167919?
7, 149, 84533
List the prime factors of 405031224.
2, 3, 13, 59, 22003
List the prime factors of 1096462003.
7, 13, 23, 22777
List the prime factors of 26407327.
61, 432907
What are the prime factors of 68009023?
1237, 54979
List the prime factors of 2697950623.
23, 117302201
What are the prime factors of 2826843?
3, 139, 6779
What are the prime factors of 102289194?
2, 3, 7, 811819
What are the prime factors of 40786091?
313, 130307
List the prime factors of 475630145.
5, 1103, 86243
What are the prime factors of 1501274770?
2, 5, 137, 1095821
What are the prime factors of 438595609?
487, 900607
List the prime factors of 9038593.
311, 29063
What are the prime factors of 67474340?
2, 5, 3373717
What are the prime factors of 2751702367?
2751702367
List the prime factors of 329330257.
329330257
List the prime factors of 73557803.
11, 2027, 3299
What are the prime factors of 185516936?
2, 11, 829, 2543
What are the prime factors of 133066189?
133066189
List the prime factors of 30956008.
2, 3869501
What are the prime factors of 624914076?
2, 3, 59, 271, 3257
List the prime factors of 259090.
2, 5, 13, 1993
List the prime factors of 332323824.
2, 3, 7, 989059
List the prime factors of 330960464.
2, 31, 47, 14197
What are the prime factors of 215276721?
3, 11, 1399, 4663
List the prime factors of 6043623815.
5, 5689, 212467
What are the prime factors of 2920056380?
2, 5, 146002819
List the prime factors of 47688506.
2, 661, 36073
What are the prime factors of 3012918126?
2, 3, 17, 29538413
What are the prime factors of 1218656773?
1218656773
List the prime factors of 745205960.
2, 5, 181, 102929
List the prime factors of 69624282.
2, 3, 7, 13, 17, 577
What are the prime factors of 1820559292?
2, 17609, 25847
List the prime factors of 1215488432.
2, 47, 53, 30497
List the prime factors of 66296403.
3, 7366267
List the prime factors of 93697714.
2, 11, 4258987
List the prime factors of 96171661.
96171661
List the prime factors of 42924509.
23, 1866283
List the prime factors of 127071108.
2, 3, 31, 3673
What are the prime factors of 379091396?
2, 94772849
What are the prime factors of 20638145?
5, 11, 353, 1063
What are the prime factors of 308120912?
2, 11, 1750687
List the prime factors of 565627299.
3, 3319, 56807
What are the prime factors of 1933187495?
5, 1733, 223103
What are the prime factors of 27028824?
2, 3, 1126201
What are the prime factors of 65529463?
43, 1523941
What are the prime factors of 21313362?
2, 3, 7, 507461
What are the prime factors of 115175261?
31, 139, 26729
What are the prime factors of 103429376?
2, 404021
List the prime factors of 4219118148.
2, 3, 7, 157, 6529
List the prime factors of 1345799200.
2, 5, 1682249
List the prime factors of 1261044340.
2, 5, 73, 863729
List the prime factors of 113146636.
2, 193, 146563
What are the prime factors of 42555801?
3, 19, 521, 1433
What are the prime factors of 11130844?
2, 41, 67, 1013
List the prime factors of 558864895.
5, 111772979
What are the prime factors of 846939713?
2687, 315199
List the prime factors of 216323427.
3, 277, 260317
List the prime factors of 3807326.
2, 79, 24097
List the prime factors of 146550251.
17, 8620603
List the prime factors of 416524828.
2, 1637, 63611
List the prime factors of 2570955057.
3, 11, 25969243
What are the prime factors of 23345527?
79, 295513
List the prime factors of 25809258.
2, 3, 19, 226397
List the prime factors of 1498702.
2, 749351
What are the prime factors of 3103850?
2, 5, 23, 2699
What are the prime factors of 138169305?
3, 5, 3070429
List the prime factors of 437681328.
2, 3, 7, 379, 491
What are the prime factors of 1090163623?
487, 2238529
What are the prime factors of 743157777?
3, 43, 5760913
List the prime factors of 291227123.
11, 26475193
List the prime factors of 433871521.
433871521
What are the prime factors of 174511031?
7523, 23197
List the prime factors of 82132216.
2, 10266527
What are the prime factors of 14292604?
2, 643, 5557
List the prime factors of 1578302629.
47, 33580907
What are the prime factors of 1704363246?
2, 3, 94686847
List the prime factors of 1416210231.
3, 31, 179, 241, 353
What are the prime factors of 1620935865?
3, 5, 36020797
What are the prime factors of 39908784?
2, 3, 831433
List the prime factors of 96322048.
2, 179, 1051
List the prime factors of 80500182.
2, 3, 7, 139, 13789
What are the prime factors of 321005316?
2, 3, 2131, 12553
What are the prime factors of 46440650?
2, 5, 928813
What are the prime factors of 72815506?
2, 36407753
What are the prime factors of 83286599?
11, 83, 8293
List the prime factors of 57164487.
3, 19054829
List the prime factors of 5458635573.
3, 41, 59, 752189
List the prime factors of 111673589.
373, 299393
What are the prime factors of 32752241?
157, 227, 919
What are the prime factors of 2209881308?
2, 23, 83, 251, 1153
What are the prime factors of 277849717?
17, 1051, 15551
What are the prime factors of 1629737796?
2, 3, 7717, 17599
List the prime factors of 2984213359.
19, 8266519
What are the prime factors of 3549118196?
2, 13, 337, 202529
List the prime factors of 41905083.
3, 11, 67, 1723
List the prime factors of 29585292.
2, 3, 11, 224131
What are the prime factors of 2401079946?
2, 3, 400179991
What are the prime factors of 1085699373?
3, 11, 17, 1935293
List the prime factors of 146550381.
3, 631, 77417
What are the prime factors of 12533632?
2, 97919
List the prime factors of 578620774.
2, 289310387
What are the prime factors of 20894325?
3, 5, 278591
List the prime factors of 4663214555.
5, 19, 49086469
List the prime factors of 110822088.
2, 3, 13, 89, 307
List the prime factors of 40818886.
2, 3511, 5813
What are the prime factors of 2080076702?
2, 11, 1579, 59879
List the prime factors of 269704991.
31, 8700161
What are the prime factors of 46919052?
2, 3, 1303307
